z**2 + 10*z + 8. Determine c(q).
-3
Suppose 0 = -9*u + 7*u + 12. Let f(k) = -7 + 2 + u. Let m(x) = x**2 - 6*x + 9. Let g(i) = 4*f(i) - m(i). Calculate g(4).
3
Let v be (3 + -12)*(-4)/(-6). Let t(p) be the first derivative of p**2 - 2*p + 13. Give t(v).
-14
Suppose 0 = 2*x + 4*g - 18 - 4, -5*g = -3*x - 11. Suppose x*d + 2*l = -21, -2*d - 3*l - 22 = -8. Let b(o) = -o**2 - 7*o + 3. Calculate b(d).
3
Let b(q) = -q**2 + 3*q + 1. Suppose -4*f + 3*t = 35, 5*f + 43 = 3*t - 0*t. Let n be 1/4 + (-126)/f. Suppose -6*z = -4*u - 2*z, u = -3*z + n. Give b(u).
-3
Let h(k) = -21*k. Let u(v) = -4 - 12*v**3 - 10*v**2 + 14 + 11*v**3 - 8*v. Let n be u(-9). Determine h(n).
-21
Suppose 10 = 19*a - 17*a. Let p(i) = -4*i**3 + 6*i**2 - 9*i + 1. Let g(k) = 3*k**3 - 6*k**2 + 8*k. Let n(h) = 3*g(h) + 2*p(h). Determine n(a).
7
Suppose 2*h = c - 8 - 1, 4*c + 4 = -2*h. Let u(p) = 4*p + 2*p**2 - 9*p + 4*p - c. Let f be (-10)/2 + 5 + -1. What is u(f)?
2
Suppose 0 = -32*y + 27*y + 15. Let l(b) = -b**2 - 6*b + 2*b + 2*b**3 - 8*b**y + 3*b. Determine l(-1).
6
Let o(s) be the third derivative of s**4/24 + 2*s**3 - 5*s**2. Let p be o(-8). Let y(c) = c + c**3 + p*c**2 - c**2 + 0*c**2. What is y(-2)?
2
Let m = 10 + -8. Suppose 0 = -0*r + r - m. Suppose -r*k = 2*j + j - 1, -7 = -j - 4*k. Let y(o) = -8*o**2 + 2*o + 1. Determine y(j).
-9
Suppose 18*a - 16*a = 0. Let n(x) = 1 + 2 - x + a - 4. What is n(-6)?
5
Let c be (9 + -5 - 5)*-1. Let z(x) = 19*x + 2. Let m(b) = -6 + 4 - 3*b + 1 - 6*b. Let t(p) = -9*m(p) - 4*z(p). Give t(c).
6
Let u(h) = h**3 - 4*h**2 + h + 1. Let q(o) = -o**3 + 10*o**2 + 10*o + 13. Suppose 5*d - 4*d = 5, 2*v - 17 = d. Let b be q(v). Give u(b).
-5
Let s be (56/10)/((-10)/50). Let t = s - -28. Let d(x) = -x**3 - 7. Calculate d(t).
-7
Let v(q) = -100*q - 4 + 46*q + q**2 + 48*q. What is v(7)?
3
Suppose 3*i + 0 = 6. Let l(o) = -5 - 6*o**i + 10 + 5*o**2. Determine l(-4).
-11
Let d = 9 - 11. Let r(l) = 1. Let n(o) = -o - 4. Let c(u) = d*r(u) + n(u). Calculate c(-6).
0
Let r(n) = 1. Let g(a) = -a - 7. Let b(q) = -g(q) - 3*r(q). Suppose -4 = -p - 1. Suppose -x + 2*k + 10 = 0, 0 = 2*x + p*x - k - 5. What is b(x)?
4
Let o(t) = 26 - 9 - 14 + t**2 + 3*t. Suppose -9 = 4*k + i, -6 + 2 = k + 2*i. Give o(k).
1
Let d(v) = -v**2 - 4*v. Let j(u) = u**2 + 36*u + 102. Let p be j(-33). What is d(p)?
-21
Let u(v) = 2*v**2 + 6*v - 11. Let i be (-54)/(-7) + 2/7. Let w(g) = g**2 + 4*g - 7. Let l(a) = i*w(a) - 5*u(a). Determine l(1).
-1
Let b(f) = 35*f + 33. Let v be b(-1). Let l(z) = 4*z. Determine l(v).
-8
Let d be ((-6)/(-10))/(((-16)/(-8))/(-10)). Let k(x) = -4*x**2 - 5*x - 4. Give k(d).
-25
Let v(k) be the first derivative of k**4/4 + 2*k**3 + 3*k**2/2 - 4*k - 106. Give v(-5).
6
Let y(r) be the third derivative of 0*r - 1/60*r**5 + 0*r**4 + 30*r**2 + 5/6*r**3 + 0. Give y(4).
-11
Let s = 848 - 846. Let w(p) = -8*p + 10. What is w(s)?
-6
Let u(i) = -i + 1. Let w be u(-1). Let x(m) be the first derivative of -m**4/12 + m**3/6 - m**2 - 19*m + 9. Let l(g) be the first derivative of x(g). Give l(w).
-4
Let o(d) = 54*d + 9. Let w(m) = 13*m + 2. Let k(g) = 5*o(g) - 21*w(g). Let c(a) = -a - 1. Let l be c(-3). What is k(l)?
-3
Let s(g) = -2*g - 9. Suppose -15*b = -6*b - 117. Suppose 7*n - 48 = b*n. Calculate s(n).
7
Let d(z) be the third derivative of z**8/6720 + z**7/315 + z**6/90 - z**5/30 + 13*z**4/24 - 4*z**2. Let p(c) be the second derivative of d(c). What is p(-6)?
20
Let d(v) = 6*v**2 - 26*v + 10. Let s(f) = -f**2 + 5*f - 2. Let c(r) = -4*d(r) - 22*s(r). Let p(t) be the first derivative of c(t). Determine p(-4).
10
Let b(c) = c - 3. Let l be 26/(-65) + (-22)/(-5). Suppose -l*w + 2 = -3*w. Suppose 2 = -4*t - w*m, 0 = -t + 4*t + 4*m + 4. What is b(t)?
-3
Let r be 48/10 + 3/15. Let j(f) = f**3 - 6*f**2 + 2. Let n be j(6). Let u(l) = 7*l - n*l - 3 - l - 2*l. Determine u(r).
7
Let y(n) be the third derivative of -n**4/4 - n**3/3 + 40*n**2. Give y(2).
-14
Let v(m) = 7*m - 3. Let o = -163 - -162. Let b(q) = 2. Let i(w) = o*b(w) - v(w). What is i(-2)?
15
Suppose 0 = 5*v - 2 - 38. Let b(g) = -6 + v - 1 + 4*g. Give b(2).
9
Let u be ((-6)/(-2) - 2)*-4. Let h(c) = -c**2 + 7*c - 14. Let l(j) be the first derivative of j - 5. Let b(z) = u*l(z) - h(z). What is b(7)?
10
Suppose -4 = -f, 0 = 2*a - a + 3*f - 17. Let d = 0 - -2. Let q(z) = 13 + a*z - 9*z + d*z + 3*z. Give q(-6).
7
Let x(k) = -k**3 + 5*k**2 + 4*k + 2. Let g be x(5). Let i = g + -20. Let a(m) = 2*m**i + 4 + 1 + 6*m - m**2 + 1. What is a(-5)?
1
Let y be 25/2*(-12)/(-15). Let i(z) be the third derivative of -z**6/120 + 11*z**5/60 - 5*z**4/12 - 2*z**2 - 455*z. Determine i(y).
0
Let i(z) = z**2 + 11*z - 5. Let m be (-1940)/160 + 6/48. What is i(m)?
7
Let t(u) = -213 + 76 + u + 68 + 2*u**2 + 70. Give t(-3).
16
Let u(c) = -8*c**2 - c - 1. Let q(l) = -l - 2. Let f(g) = g**2 - 10*g + 1. Let v(a) = -f(a) + 3*q(a). Let t be 33/6 + 1/2. Let n be v(t). Give u(n).
-8
Let r(s) = -s**3 + 7*s**2 - 12*s + 3. Let y be ((-2)/12)/(3/180*-2). What is r(y)?
-7
Suppose 18*k - 6 = 12*k. Let f(y) = -y**2 + 1. Let j(o) = o**2 - o - 4. Let b(s) = k*j(s) + 4*f(s). What is b(-1)?
-2
Let q = 1221 - 1237. Let k(w) = w**3 + 15*w**2 - 16*w. Calculate k(q).
0
Let v(d) be the third derivative of -d**6/120 - d**5/60 - d**4/12 - d**3/2 + 19*d**2. Calculate v(-3).
21
Let g be (18/(-15))/(42/(-350)). Let m(l) = l**3 - 12*l**2 + 23*l - 5. Calculate m(g).
25
Suppose 5*i = i - 12. Let g(w) be the second derivative of -2*w**2 + 1/3*w**3 + 6*w + 0 - 1/20*w**5 - 1/4*w**4. Give g(i).
-10
Let o(f) = f**2 + 4*f + 1. Suppose 0 = 4*c - 0*c. Let u = c + -6. Determine o(u).
13
Let c(o) be the third derivative of -o**6/360 + o**5/20 + o**4/8 - 13*o**3/6 + 12*o**2. Let m(s) be the first derivative of c(s). Give m(7).
-4
Let b(p) be the first derivative of 5*p**2/2 - 5*p - 100. Determine b(-5).
-30
Let g(p) be the second derivative of -p**5/20 - 5*p**4/12 - p**3/2 + 178*p. Suppose 0 = 2*q + 6. Calculate g(q).
-9
Let k(w) = w**2 - w - 2. Suppose 3*d - l = 2, 4*d - 2*l = -d + 2. Let s be -2*(1/2 + -2). Suppose -d*x - y + 4*y = 5, s*x - y - 3 = 0. Calculate k(x).
0
Let d(m) be the first derivative of -m**5/60 - 7*m**4/24 - 7*m**3/6 + 13*m**2/2 + 3. Let v(z) be the second derivative of d(z). Determine v(-5).
3
Suppose 0 = 98*w - 99*w + 7. Let x(m) = m + m - 13 - w*m + 4*m. Determine x(0).
-13
Let d(s) = -2*s + 1. Let c be 0*(1 + (-2)/3). Let f(l) = -l**3 - 1 + 3*l**3 + c*l**2 + l**2 + l**2. Let h be f(-1). What is d(h)?
3
Let r(f) = f - 1. Let y(w) = -3*w**2 - 8*w + 4. Let g(i) = -6*r(i) - y(i). Let b be 20/(5 - 0) - 7. Calculate g(b).
23
Let r(f) = f + 5. Let b(l) = -l**2 + 16*l - 34. Let x be b(2). Give r(x).
-1
Let i(p) be the second derivative of -p**4/12 + 3*p**3/2 + p**2 + 88*p + 2. Calculate i(10).
-8
Let t(y) be the second derivative of y**5/20 + y**4/2 - y**3/3 + 3*y - 5. Give t(-6).
12
Let s(p) be the third derivative of -p**6/120 + p**5/20 + p**3/2 - 9*p**2. Calculate s(3).
3
Let c(w) = -w**3 - 4*w**2 + 6*w + 4. Let n be c(-5). Let k(m) = 8*m**2 + 2*m + 7. Let s(p) = 34*p**2 + 8*p + 31. Let f(j) = 9*k(j) - 2*s(j). Determine f(n).
3
Let b(x) = -x**3 + 6*x**2 - 6*x + 6. Let u be 3 - 2 - -2 - -19*3. Let c = -55 + u. Give b(c).
1
Let n(b) be the third derivative of 5*b**4/8 + b**3/6 + 957*b**2. Suppose 0 = -2*g - 3 - 7. Let j be (-2 + g/(-2))*-2. Determine n(j).
-14
Let d(v) be the third derivative of 0*v + v**3 + 0 - 3*v**2 - 1/24*v**4. Let b(k) = k**2 - 2*k - 3. Let w be b(4). What is d(w)?
1
Let f = 203 + -198. Let m(d) be the second derivative of -1/12*d**4 - f*d**2 + 6*d - 3/2*d**3 + 0. Give m(-7).
4
Let f(l) = -l**3 + 3*l**2 + 2*l + 1. Let j be ((-44)/8 - -3)/(2/(-4)). Let q = j - 1. Determine f(q).
-7
Let v(y) = 4*y**3 + y**2 - y - 1. Let r(i) be the second derivative of i**4/6 - 21*i**2/2 - 5*i. Let q be r(0). Let z be (2 - q/(-9))*3. What is v(z)?
-3
Let k(o) = -o**2 + 4*o. Suppose 5*r + 4*q = 6*r - 3, 2*r - 6 = 5*q. Suppose -r*p = -m - 5, 3*p - 7 = -2*m + 10. What is k(m)?
0
Let k(z) = -z**3 - 11*z**2 - 8*z + 14. Let q be k(-10). Let u be (32/q)/((-3)/18). Let i(g) = 6*g - 20*g**3 + u*g**3 - 13*g**3 + 2 - g - g**2. Calculate i(-3).
5
Let y(o) = o + 13. Suppose -2*c = -g + 25, -5*c - g - 2*g - 46 = 0. Let z(s) = 7. Let w(r) = c*z(r) + 6*y(r). Calculate w(-1).
-5
Let g(o) = 49*o**2 -